- 43. Calculate the remainder when 48 is divided by g(r).
9
Let x = -582 + 420. Let k = x - -196. Calculate the remainder when k is divided by 7.
6
Let h = 223 - 174. What is the remainder when 197 is divided by h?
1
Suppose 34*f + 5*u = 31*f + 2965, -965 = -f - 5*u. Calculate the remainder when 2009 is divided by f.
9
Let c(a) = 5980*a**3 - 4*a**2 + 37*a - 35. What is the remainder when c(1) is divided by 10?
8
Let r = -472 - -477. What is the remainder when (-116)/6*(0 + 3/(-2)) is divided by r?
4
Let t(x) = 16*x - 52. Let w be (-75)/(-11) - 4/(-22). What is the remainder when t(w) is divided by 21?
18
Let t = 25746 + -12307. What is the remainder when t is divided by 280?
279
Let x be 0*(4/(-4))/(-1). Suppose -7*n + 3*n + 352 = x. Suppose -4*q - 5*m = -n, 5*q = -2*m + m + 131. Calculate the remainder when 132 is divided by q.
24
What is the remainder when 431 is divided by (85 + -3)*535/214?
21
Let t(l) = l**3 + 5*l**2 - 2*l + 5. Let o be 70 - (3 + (-4 - -2)). Suppose -o = -4*h + 103. Calculate the remainder when h is divided by t(-5).
13
Suppose -4*r - 2*g + 110 + 206 = 0, -5*r - 5*g + 395 = 0. Calculate the remainder when 626 is divided by r.
73
Suppose -3*c + 19 = l, 4*c + l - 46 = -19. Suppose 0 = -k - 2, 0*h + 5*k = 3*h - 10. What is the remainder when (h/(-1) - 4) + 26 is divided by c?
6
What is the remainder when 4*(111/6 - -3) is divided by 10/(-8)*(-8 - 0)?
6
Suppose 147 = 5*a - 1603. Suppose 4*g + a = -g + 5*q, -2*q + 8 = 0. Let r = g + 149. Calculate the remainder when r is divided by 28.
27
Let m = 34090 + -33987. Calculate the remainder when m is divided by 57.
46
Suppose 22*w - 237 = 84 + 9. Let y = 121 + -32. What is the remainder when y is divided by w?
14
Suppose -3*i = 16*i - 1406. Suppose -342*x = -335*x - 1029. Calculate the remainder when x is divided by i.
73
What is the remainder when ((-14586)/(-85))/(16/(-152) - 204/(-855)) is divided by 21?
6
Suppose 6*q - 260 = q. Suppose 1134 = 116*k - 189*k + 91*k. Calculate the remainder when k is divided by q.
11
Let t = 119 + -119. Calculate the remainder when 101 is divided by (-1 + t)*-1 + 520/10.
48
Suppose -5*t - 53 = o, -t + 3*o = 5*o + 16. Let y = 29 - t. Calculate the remainder when y is divided by 6/(24/28) + 20/4.
3
Calculate the remainder when (-1980)/(4 - 15) - 18 is divided by 154.
8
Suppose -197*r = 84*r - 8430. Calculate the remainder when 2367 is divided by r.
27
Let q = 213 + -214. Let x(w) = -123*w - 2. What is the remainder when x(q) is divided by 63?
58
Suppose 344 = 4*t - 5*q - 1958, 3*t + 3*q = 1713. What is the remainder when t is divided by 17?
12
Suppose -23*w + n = -26*w + 8530, -3*n + 5682 = 2*w. Calculate the remainder when w is divided by 14.
2
Let s(w) = 8*w + 24. Suppose -3*v + 2*p + 7 = -1, -2*v + 2*p = -2. Let d be v/27 + (1 - (-140)/18). Calculate the remainder when s(d) is divided by 14.
12
Suppose -114 = -18*w + 17*w. Suppose -17*p - w + 29 = 0. What is the remainder when (-3 - 45/p)/(2/25) is divided by 21?
12
Suppose 5*v - 19 = m + 10, 0 = -4*v + 2*m + 28. Suppose -10*s + 162 = -7*s. Suppose 2*u = -u + s. What is the remainder when u is divided by v?
3
Let g be (-539)/(-33)*(-2)/((-4)/294). Let v = g - 1361. Suppose 14*s - s = v. Calculate the remainder when s is divided by 21.
17
Let k(h) = h**2 - 11*h + 50. Let g be (2 + 3 + 42)*(7 + 0). Suppose 3*c - 4*p = g, 2*p = 2*c + 7*p - 181. Calculate the remainder when c is divided by k(8).
25
Suppose -2*v - 6 = 5*x, -v + 5*x + 15 = 3. Let c(t) = -2*t + 58. Let b be c(24). Let l = b + 4. What is the remainder when l is divided by v?
0
Let u = 9227 + -9205. Calculate the remainder when 791 is divided by u.
21
Suppose -624*s = -622*s - 170. What is the remainder when 926 is divided by s?
76
Suppose -7*w + 27*w - 2773 = -39*w. Calculate the remainder when -2 + 3 - -37*19 is divided by w.
46
Calculate the remainder when 139 is divided by ((-204)/120)/(3/(-30)).
3
Suppose -108*z = -103*z + 1565. Let t = 379 + z. What is the remainder when t is divided by 22?
0
Let u be (47 - 39) + (0 - -3)*-1. Calculate the remainder when (-248)/(-2) + u + -14 + 3 is divided by 30.
28
Let f(i) = i**2 - 42*i - 202. What is the remainder when f(-13) is divided by 63?
9
Let b(z) = z**3 - 14*z**2 - 96*z + 64. What is the remainder when 557 is divided by b(19)?
17
Let w(r) = -2*r**2 + 16*r + 39. Suppose 0 = 4*q + 27 - 35, -5*g - 6 = -3*q. Calculate the remainder when w(g) is divided by 24.
15
Let y(h) = -4*h**2 + 60*h - 26. Let i(d) = 7*d**2 - 119*d + 52. Let v(m) = -3*i(m) - 7*y(m). What is the remainder when v(9) is divided by 10?
6
Suppose -210 = 3*x + j - 5*j, -4*j = -5*x - 358. What is the remainder when (-111)/(-15) - (-5 + (-54)/(-10)) is divided by (-4)/14 + x/(-14)?
2
Suppose o + 35 = -3*n + 4*n, 5*o = -3*n - 143. Let z(w) = -w**3 - 26*w**2 - 108*w - 3624. Calculate the remainder when 2 + (3/(-3) - o) is divided by z(-27).
11
Let x(z) = -z**2 + 11*z + 205. Let g be x(0). Suppose g = 13*h - 9*h - i, -4*i - 20 = 0. Calculate the remainder when h is divided by 13.
11
Suppose 152643 + 46059 = 42*w. What is the remainder when w is divided by 6?
3
Let c = -23 + 185. Let g = -140 + c. What is the remainder when g is divided by 10?
2
Let n(o) = 2*o - 101 + 51 - 3*o**2 + 2*o**2 - 56*o. What is the remainder when n(-42) is divided by 38?
36
Let q(p) = -p - 12. Let g be q(-11). Let i = 10 - 6. What is the remainder when (-39)/i*(g - (-78)/(-18)) is divided by 11?
8
Let x(j) = 4*j**3 + j**2 + 3*j - 2. Let b be x(-2). What is the remainder when (-11456)/b + (-2)/9 is divided by 29?
28
Let q = 275 + -229. Suppose -q + 30 = -i. What is the remainder when 57 is divided by i?
9
Let h = 193 - 186. Suppose -h*i = -163 - 26. What is the remainder when 105 is divided by i?
24
Let f = 137 - 234. Let m = -95 - f. Suppose 0 = -m*k + k + 21. What is the remainder when 125 is divided by k?
20
What is the remainder when -10*15078/(-140) - (9 + 2) is divided by 533?
0
Suppose -3*l - 4*o + 17 = 0, 2*o = 5*l + 7*o - 35. Let t(u) = 2*u**2 + 28*u + 46. What is the remainder when t(l) is divided by 23?
21
Let f = 19912 + -19852. What is the remainder when f is divided by 32?
28
Let y = 2 + -20. What is the remainder when (-6)/y - (-816)/9 is divided by (62/(-6))/((-7)/21)?
29
Suppose -10392 + 2691 = 2*w - 53*w. Calculate the remainder when w is divided by 3.
1
Suppose -24 = -144*t + 140*t. Suppose -6*v + 24 = -t. Calculate the remainder when 64 is divided by v.
4
Let u be -13 - (4 + (-20)/5). Let o = -10 + u. Calculate the remainder when 2*38 - (-23 - o) is divided by 26.
24
Let v(b) = 23*b**2 + 18*b + 31. What is the remainder when v(4) is divided by 112?
23
Let o = 2304 - 2228. Calculate the remainder when 376 is divided by o.
72
Let s = -60 + 63. Let d(c) = 7*c**2 + c**s + 16*c - 2*c - 15 - 20*c**2. What is the remainder when d(12) is divided by 6?
3
Let g(b) = 26*b**2 - 562*b + 17. Calculate the remainder when g(23) is divided by 47.
46
Let n(v) = -v**3 + 14*v**2 - 32*v - 6. Let i be n(11). Suppose -300 = -4*t - 2*f - 92, -i*t + 5*f + 230 = 0. What is the remainder when t is divided by 14?
8
Let k(r) = 19*r + 29. Let u be k(-3). Calculate the remainder when (3 - (-91)/u)*-2116 is divided by 53.
52
Let h = 2 - -15. Let n be 36/42 - 1 - (-1954)/7. Suppose n = 5*t - 41. What is the remainder when t is divided by h?
13
Suppose 2*l - 20 = -2*q, 50 = -4*l + 66. What is the remainder when 24 is divided by q?
0
Suppose -14*v + 80 + 1222 = 0. Suppose 624 - v = 3*b. Calculate the remainder when b is divided by 30.
27
Let m = 145 + -103. Suppose 0 = 10*h - 460 - 1680. Suppose 2*k - h = -y, 3*y = k + k + 618. What is the remainder when y is divided by m?
40
Let b be 249/332 - 152818/(-8). Calculate the remainder when 6/(-27) - b/(-63) is divided by 4.
3
Suppose 3*a + 3*z - 56 = 4, 5*a = -6*z + 97. Calculate the remainder when 1102 is divided by a.
21
Suppose -4*b + 18 = -2*d, -3*d + 0 - 3 = 0. Let u(q) = -15 + 258*q - 261*q - b*q**3 + 2. Calculate the remainder when u(-3) is divided by 37.
30
Suppose 0 = -5*h + l - 2094, -3*h = -4*l + 1024 + 229. Let b = 448 + h. Calculate the remainder when 59 is divided by b.
1
Suppose 0 = -5*q + 163 + 232. Suppose -5*o + 3*t + 107 + 61 = 0, 0 = -2*o - t + 54. What is the remainder when q is divided by o?
19
Let 